+ b - 2. Let z(s) = -3*s**2 - 12*s - 34. Let m be z(-10). Let o = 211 + m. Determine v(o).
-14
Let s(i) = 6*i**2 - 19*i + 20. Suppose 0 = -32*r - 18*r + 8*r + 84. Calculate s(r).
6
Let j = 15987 - 15993. Let z(n) = 12*n + 79. Calculate z(j).
7
Let o(v) = 3*v**2 + 9*v**2 - 2 + 4 - 3. Let a be o(-1). Suppose 2*m + 0*m = w - 5, -m = 4*w - a. Let h(c) = c + 2. Give h(w).
5
Let s(g) = g**3 - 2*g**2 - 4*g - 4. Let n(z) = z**3 - 14*z**2 - 16*z + 22. Let c be n(15). Suppose 0 = 2*v + c*k - 2*k - 23, -3*v = -2*k - 6. What is s(v)?
12
Let o(f) = -14*f**2 + 5 - 12*f + 0*f + 2*f + 13*f - 4. Calculate o(3).
-116
Suppose -9*a + 104 = 4*a. Suppose -12 = a*d - 2*d. Let b(i) = i**2 - i - 1. Determine b(d).
5
Let t(b) = 3653*b**2 - 24 + 33 + 5*b - 3654*b**2. Let u(f) = 2*f**3 + 13*f**2 - 8*f. Let g be u(-7). Determine t(g).
-5
Suppose -4 = 13*h - 11*h. Let v(q) be the first derivative of -q**2 - 2*q - 122. What is v(h)?
2
Suppose 5*s - 5*i + 890 = -945, -3*i = s + 355. Let t = s - -362. Let q(r) = -3*r + r**2 + 4*r + 0*r + 1. Calculate q(t).
3
Let l(y) = -y**3 + 21*y**2 - 12*y - 164. Let w(p) = -2*p**2 - 191*p + 920. Let h be w(-100). What is l(h)?
-4
Let r(a) be the second derivative of -7*a**3/6 + 17*a**2/2 - 2*a - 404. Give r(-3).
38
Let c(j) = -j**3 - 3*j**2 - 2*j - 2. Suppose 49 = 5*f + 2*f. Let y be (5 + (-185)/35)*f. Calculate c(y).
-2
Let g(z) = 0*z**2 + 16 + 3*z**2 - z**2 - 13 + z - 5*z**2. Let h(r) = 6*r**2 - r - 4. Let a(j) = -4*g(j) - 3*h(j). Calculate a(2).
-26
Let d be (-4284)/(-693) + 75/(-110) + 3/6. Let p(t) = -3*t**2 + 11*t + 39. What is p(d)?
-3
Let z(b) = -2*b - 2. Let u = -63 + 60. Let l be 4/u*27/(-12). Determine z(l).
-8
Suppose -1482*r + 1263*r - 438 = 0. Let b(g) = g + 1. Let z(j) = j + 3. Let n(m) = -4*b(m) + z(m). What is n(r)?
5
Suppose -5*s + 3*c + 82 = 0, 0 = -s + 2*s - 2*c - 22. Let j(k) = 2*k**2 - 27*k - 21. Give j(s).
-7
Let l(z) be the third derivative of z**6/20 - z**5/60 + z**4/24 + z**3/3 - 3*z**2 - 90. What is l(-1)?
-6
Let q = -2 + 10. Let x(c) = -c**2 - 11 - q + 154*c - 75*c - 80*c. Determine x(0).
-19
Suppose -69 + 21 = 16*s. Let o be 6/(s + (-208)/(-68)). Let x(v) = o*v - 53*v - 45*v. Calculate x(1).
4
Let y(s) = -3*s**3 + 300*s**2 - 23*s + 46. Let v(h) = -h**3 + 109*h**2 - 8*h + 16. Let u(d) = 11*v(d) - 4*y(d). Determine u(2).
4
Let m(c) = -10*c + 7. Let s = 5096 - 5092. Calculate m(s).
-33
Let c(d) = 0 - 2 + d - 6 + 5 - 1. Let u(h) = h**3 + 4*h**2 - 6*h. Let t be u(-5). Calculate c(t).
1
Suppose -3*j + 1996 + 995 = 5*f, -5*f + 3012 = -4*j. Let y(k) = 6*k**2 + 3 + 605*k - 7*k**2 - f*k + 2. Give y(8).
-19
Suppose c - 5*c = -20. Let k = 6 - c. Let h(s) = 2*s - 20. Let r(n) = n - 7. Let m(u) = h(u) - 3*r(u). Determine m(k).
0
Let w(u) = 1 + 2*u**3 + 8*u**2 - 8*u - 3*u**3 + 2*u**3 + 0. Suppose -12*c + 21 - 129 = 0. Determine w(c).
-8
Let q(a) = 3*a**3 - a - 1. Let r be 1*3/(3 - 27/12). Suppose 4*k + 2*u - r = 0, -6*k + 2*u + 12 = -2*k. Determine q(k).
21
Suppose 10*f + 829 = 859. Let r(h) = -4*h + 3 - 2*h**2 + h + 5*h**2 + 0*h - h**3. Give r(f).
-6
Let x(s) = -s**2 + 7*s - 7. Let n(l) = -2*l**2 + 15*l - 12. Let z(t) = 3*n(t) - 5*x(t). Let m be (-36)/(-6)*9/6. Determine z(m).
8
Let o(s) = s**3 + s**2 - 2*s - 2. Let t(i) = -7*i**3 - 16*i**2 + 6*i + 4. Let p(q) = -8*o(q) - t(q). What is p(10)?
-88
Let w(p) = 3*p**3 - p**2 - 13*p - 12. Let k be -2 - ((-4)/6)/((-12)/(-18)). Let r be w(k). Let y(f) = -f**3 - 3*f**2 + 4*f - 1. Calculate y(r).
-13
Suppose -2*o = 2*o - 8. Let f(p) = -41*p**2 - 30*p**2 + 1 + 93*p**o - 36*p**2. Let z(l) = -2*l + 1. Let q be z(1). What is f(q)?
-13
Let d = 435 + -422. Let t(x) = 2*x**3 - 25*x**2 - 11*x - 21. Give t(d).
5
Let w = 660 + -670. Let s(i) = 10*i**2 + 3*i**3 + i + 6*i**3 - 8*i**3. Determine s(w).
-10
Suppose 31*c - 32*c + 4 = 0. Suppose -5*y + 4*o - 2 = 0, -3*o + c = -y - 4*y. Let u(w) = -w - 2. Determine u(y).
0
Let b be (-4284)/588 + 9/7. Let p(s) = 9*s - 3. Let i(j) = -8*j + 3. Let q(h) = 6*i(h) + 5*p(h). What is q(b)?
21
Suppose -8*b + 10 = -10*b. Let u(c) = -c**2 + c + 4. Let s(o) = -o**2 + 5. Suppose 61 - 1 = 10*g. Let m(n) = b*s(n) + g*u(n). Give m(6).
-1
Let w = -5 + 11. Let g be 108/90*40/6. Let q(z) = 289*z - 4*z**3 + 2*z**2 + 5*z**2 + 3*z**3 + g - 297*z. Give q(w).
-4
Let f(a) = 11*a**3 - 25*a**2 + 13*a + 30. Let v(t) = -5*t**3 + 12*t**2 - 6*t - 14. Let b(g) = -6*f(g) - 13*v(g). Suppose 12*d - 7*d = -30. Calculate b(d).
2
Let y(b) = -8*b**2 - b - 1. Let w(q) = -11*q + 6*q + 4 + 6*q**2 - 2*q + 16. Let m be w(3). Let n = 52 - m. What is y(n)?
-8
Suppose -2*c = -3*m + 28, -2*m - 3*c + c = -22. Suppose m*o = 7*o + 6. Suppose -26 = 2*l - 5*i, 3*i = -3*l - o*l - 34. Let v(h) = h**2 + 8*h + 2. Give v(l).
2
Let i(w) = -2*w**3 - 18*w**2 - 92*w - 36. Let o(n) = -n**3 - 9*n**2 - 53*n - 19. Let u(k) = -3*i(k) + 5*o(k). What is u(-7)?
34
Let d(c) be the third derivative of c**5/60 + 5*c**4/24 + c**3/3 + 2*c**2. Let u(y) = -32*y - 87. Let i be u(-6). Let j be ((-140)/i)/((-2)/(-3)). What is d(j)?
-4
Let c be (-75)/10*1*(-12)/(-9). Let g(a) = 40*a + 397. Determine g(c).
-3
Let h(g) = -5*g - 3*g**2 + 11*g**2 - 5*g**2. Suppose v + 19585 - 19589 = 0. Give h(v).
28
Let a(h) = 11*h**3 - 25*h**2 + 22*h - 45. Let j(o) = 4*o**3 - 8*o**2 + 7*o - 14. Let l(i) = -3*a(i) + 8*j(i). Determine l(10).
23
Let c = -56 + 53. Let b(z) = -2*z**2 - 7*z - 1. Let s be b(c). Let u(n) = 4*n**3 - 2*n**2 - n - 1. Give u(s).
21
Suppose -5*i = 0, 4*i = 6*t - t - 35. Let u = t - 3. Let y(z) = 3*z - u + 7 - z**2 + 1. What is y(5)?
-6
Let h(s) = -9*s + 8*s**2 - 19 - s**3 + s + 6*s - 8*s + s. Calculate h(6).
-1
Let g(l) = -5*l + 0*l + 6 + l**2 - 98 - 6*l. Let n be g(17). Let u(r) = -r**3 + 11*r**2 - 11*r + 13. Calculate u(n).
3
Let x(g) = -g**2 + 30*g + 56. Suppose 29*q - 30*q - 5*j = -57, -8*q - 3*j = -271. Calculate x(q).
-8
Let i(b) = -10 - 219 + 8 + 23*b + 13 - 119. Give i(14).
-5
Let g(w) = 11*w**3 - 3*w**2 - 9*w + 3. Let q(j) = 31*j**3 - 9*j**2 - 25*j + 9. Let f(v) = -17*g(v) + 6*q(v). Determine f(-1).
-2
Let g(z) be the third derivative of z**5/30 + 3*z**4/8 + 7*z**3/3 - 2726*z**2. Calculate g(-4).
10
Let i(t) = 11*t**3 + 12*t**2 + 2*t - 17. Let c(a) = 13*a**3 + 14*a**2 + a - 18. Let j(q) = 6*c(q) - 7*i(q). Give j(2).
3
Let n(f) = -f**3 - 13*f**2 - 13*f - 7. Let y(q) = 17*q**2 - 2*q + 5. Let i be y(3). Let r = i - 104. Suppose -3*l = l + r. Give n(l).
5
Let y(w) be the third derivative of w**5/60 + 7*w**4/24 - w**3 - 5*w**2 - 80*w. What is y(-6)?
-12
Let y(m) = 7*m - 45 + 8*m + 4 - 4*m - 3*m. What is y(4)?
-9
Let g(j) = j**3 + 11*j**2 + 2*j + 16. Let k = -379 - -395. Let m = k - 27. Calculate g(m).
-6
Let a(x) = -x - 1. Let y(d) = -d**3 + 6*d**2 - d + 2. Suppose -5*v = -v - 116. Let w = v - 23. Let t be y(w). Calculate a(t).
3
Let d(x) = 254*x - 1008. Let s be d(4). Let q(v) = -7*v + 53. What is q(s)?
-3
Let p(k) = -2*k**2 + 77*k - 155*k + 4*k**2 + 21 + 60*k - k**2. Calculate p(15).
-24
Let f = -1383 - -1391. Let g(m) = -m**2 + 10*m - 26. Calculate g(f).
-10
Let j(n) = -n**3 + 5*n - 3862 + 7707 - 5*n - 17*n**2 - 3854. Calculate j(-17).
-9
Suppose 0 = -146*f + 151*f - 65. Let q(b) = -3*b**2 - 2 + 2*b**2 + 8*b + 5*b. Calculate q(f).
-2
Let u(l) = -l. Suppose 32 = -2*q + 72. Suppose -3*g + 10 = -q. Give u(g).
-10
Let h(l) be the first derivative of 2*l**2 - 101*l - 1991. Give h(18).
-29
Let f(m) be the first derivative of 16*m**3/3 + 5*m**2/2 - 13*m - 23. Let x be f(2). Let p = x + -61. Let c(g) = -g**3 - g**2 - g + 9. Give c(p).
9
Let i(r) = 28 - 8583*r**2 - 8567*r**2 + 2*r**3 - 10*r + 17173*r**2. Determine i(-12).
4
Let y be 1 - ((-6)/(2 + 0) + 1). Let b = 15 - y. Suppose 0*s = b*s - 72. Let r(j) = -j**3 + 6*j**2 + j + 4. Give r(s).
10
Let d(t) = 3 - 1 + 0*t - 2*t. Suppose 4*p + p = -2*g - 7, -5*g = -4*p + 34. Let y(w) = -w**2 - 17*w - 63. Let s be y(g). What is d(s)?
-4
Suppose 16893*r = 16904*r - 22. Let x(k) be the third derivative of 0*k + 0 - 4/3*k**3 - 2/15*k**5 - 1/120*k**6 - r*k**2 + 3/8*k**4. What is x(-9)?
-8
Let k(g) = -g - 54. Suppose -13*d + 9*d + 7 = 3*f, -4*d - 97 = -5*f. Give k(f).
-67
Let o = 5172 - 5168. Let d(q) = 3*q**2 - 26 + 33 + 5*q - 16 - q**3. Give d(o).
-5
Let p(h) be the first derivative of -5*h**2 - 3003. What is p(-4)?
40
Let i(n) = 3 - 5*n**2 + 2*n - n**3 - 7 - 2*n + 14 + 4*n. Calculate i